{"id":2063,"date":"2026-04-06T11:24:51","date_gmt":"2026-04-06T11:24:51","guid":{"rendered":"https:\/\/www.mimmobaby.com\/?post_type=product&#038;p=2063"},"modified":"2026-04-06T11:24:51","modified_gmt":"2026-04-06T11:24:51","slug":"romper-me-menge-te-gjata","status":"publish","type":"product","link":"https:\/\/www.mimmobaby.com\/?product=romper-me-menge-te-gjata","title":{"rendered":"Romper me m\u00ebng\u00eb t\u00eb gjata"},"content":{"rendered":"<h3 data-section-id=\"1cxfhmx\" data-start=\"63\" data-end=\"119\">Romper me m\u00ebng\u00eb t\u00eb gjata \u2013 Melange<\/h3>\n<p data-start=\"121\" data-end=\"407\">Romperi me m\u00ebng\u00eb t\u00eb gjata nga koleksioni <strong data-start=\"162\" data-end=\"173\">Melange<\/strong> i Baby\u2019s Only \u00ebsht\u00eb i punuar nga <strong data-start=\"207\" data-end=\"230\">100% pambuk organik<\/strong>, shum\u00eb i but\u00eb dhe i rehatsh\u00ebm p\u00ebr bebin tuaj. Dizajni me mb\u00ebshtjellje n\u00eb pjes\u00ebn e p\u00ebrparme e b\u00ebn shum\u00eb t\u00eb leht\u00eb veshjen dhe zhveshjen, nd\u00ebrsa ruan form\u00ebn edhe pas p\u00ebrdorimit.<\/p>\n<p data-start=\"409\" data-end=\"704\">Ky romper \u00ebsht\u00eb ideal p\u00ebr t\u2019u kombinuar me produkte t\u00eb tjera nga koleksioni Melange, duke krijuar nj\u00eb veshje t\u00eb plot\u00eb dhe praktike p\u00ebr \u00e7do dit\u00eb. \u00cbsht\u00eb i leht\u00eb p\u00ebr larje dhe i disponuesh\u00ebm n\u00eb madh\u00ebsi dhe ngjyra t\u00eb ndryshme. Nj\u00eb baz\u00eb e domosdoshme dhe shum\u00eb cil\u00ebsore p\u00ebr garderob\u00ebn e \u00e7do bebeje.<\/p>\n<hr data-start=\"706\" data-end=\"709\" \/>\n<h3 data-section-id=\"11q1bb8\" data-start=\"711\" data-end=\"739\">\ud83d\udccb Detajet e produktit<\/h3>\n<ul data-start=\"740\" data-end=\"978\">\n<li data-section-id=\"ytdnv8\" data-start=\"740\" data-end=\"783\"><strong data-start=\"742\" data-end=\"763\">Kodi i produktit:<\/strong> BO-340.337.027.56<\/li>\n<li data-section-id=\"1rdia1u\" data-start=\"784\" data-end=\"810\"><strong data-start=\"786\" data-end=\"794\">EAN:<\/strong> 8720512367201<\/li>\n<li data-section-id=\"1fw7sdo\" data-start=\"811\" data-end=\"833\"><strong data-start=\"813\" data-end=\"824\">Gjinia:<\/strong> Unisex<\/li>\n<li data-section-id=\"1tk4zwd\" data-start=\"834\" data-end=\"854\"><strong data-start=\"836\" data-end=\"844\">TOG:<\/strong> 1.0 TOG<\/li>\n<li data-section-id=\"q5zxw5\" data-start=\"855\" data-end=\"895\"><strong data-start=\"857\" data-end=\"868\">Sezoni:<\/strong> Vjesht\u00eb, Pranver\u00eb, Dim\u00ebr<\/li>\n<li data-section-id=\"1mw2ywg\" data-start=\"896\" data-end=\"918\"><strong data-start=\"898\" data-end=\"908\">Stili:<\/strong> Melange<\/li>\n<li data-section-id=\"1qy1w5d\" data-start=\"919\" data-end=\"939\"><strong data-start=\"921\" data-end=\"934\">Madh\u00ebsia:<\/strong> 56, 68<\/li>\n<li data-section-id=\"1yhqv83\" data-start=\"940\" data-end=\"978\"><strong data-start=\"942\" data-end=\"956\">Materiali:<\/strong> 100% pambuk organik<\/li>\n<\/ul>\n","protected":false},"excerpt":{"rendered":"<p>Romper me m\u00ebng\u00eb t\u00eb gjata \u2013 Melange Romperi me m\u00ebng\u00eb t\u00eb gjata nga koleksioni Melange i Baby\u2019s Only \u00ebsht\u00eb i punuar nga 100% pambuk organik, shum\u00eb<span class=\"excerpt-hellip\"> [\u2026]<\/span><\/p>\n","protected":false},"featured_media":2072,"template":"","meta":[],"product_brand":[127],"product_cat":[16,108,107,106],"product_tag":[],"class_list":{"0":"post-2063","1":"product","2":"type-product","3":"status-publish","4":"has-post-thumbnail","6":"product_brand-babys-only","7":"product_cat-mimmo","8":"product_cat-rroba","9":"product_cat-te-brendshme","10":"product_cat-tekstil","12":"first","13":"instock","14":"taxable","15":"shipping-taxable","16":"purchasable","17":"product-type-variable"},"_links":{"self":[{"href":"https:\/\/www.mimmobaby.com\/index.php?rest_route=\/wp\/v2\/product\/2063","targetHints":{"allow":["GET"]}}],"collection":[{"href":"https:\/\/www.mimmobaby.com\/index.php?rest_route=\/wp\/v2\/product"}],"about":[{"href":"https:\/\/www.mimmobaby.com\/index.php?rest_route=\/wp\/v2\/types\/product"}],"wp:featuredmedia":[{"embeddable":true,"href":"https:\/\/www.mimmobaby.com\/index.php?rest_route=\/wp\/v2\/media\/2072"}],"wp:attachment":[{"href":"https:\/\/www.mimmobaby.com\/index.php?rest_route=%2Fwp%2Fv2%2Fmedia&parent=2063"}],"wp:term":[{"taxonomy":"product_brand","embeddable":true,"href":"https:\/\/www.mimmobaby.com\/index.php?rest_route=%2Fwp%2Fv2%2Fproduct_brand&post=2063"},{"taxonomy":"product_cat","embeddable":true,"href":"https:\/\/www.mimmobaby.com\/index.php?rest_route=%2Fwp%2Fv2%2Fproduct_cat&post=2063"},{"taxonomy":"product_tag","embeddable":true,"href":"https:\/\/www.mimmobaby.com\/index.php?rest_route=%2Fwp%2Fv2%2Fproduct_tag&post=2063"}],"curies":[{"name":"wp","href":"https:\/\/api.w.org\/{rel}","templated":true}]}}