{"id":634,"date":"2026-03-30T22:08:14","date_gmt":"2026-03-30T22:08:14","guid":{"rendered":"https:\/\/www.mimmobaby.com\/?post_type=product&#038;p=634"},"modified":"2026-03-30T22:08:14","modified_gmt":"2026-03-30T22:08:14","slug":"loc-milky-2in1","status":"publish","type":"product","link":"https:\/\/www.mimmobaby.com\/?product=loc-milky-2in1","title":{"rendered":"LOC-MILKY 2IN1"},"content":{"rendered":"<p data-start=\"41\" data-end=\"340\"><strong data-start=\"41\" data-end=\"65\">Lionelo Milky 2 n\u00eb 1<\/strong>\u00a0\u00ebsht\u00eb nj\u00eb mbledh\u00ebs qum\u00ebshti me funksion pompe manuale. Ai lejon mbledhjen e qum\u00ebshtit q\u00eb del n\u00eb m\u00ebnyr\u00eb spontane gjat\u00eb ushqyerjes ose pompimit t\u00eb gjirit tjet\u00ebr. Ndryshe nga mbledh\u00ebsit klasik\u00eb, ky produkt krijon vakum, duke mund\u00ebsuar nj\u00eb mbledhje edhe m\u00eb efikase t\u00eb qum\u00ebshtit.<\/p>\n<p data-start=\"342\" data-end=\"654\">Hinka me madh\u00ebsi universale p\u00ebrshtatet n\u00eb m\u00ebnyr\u00eb perfekte me thithk\u00ebn dhe \u00ebsht\u00eb e but\u00eb p\u00ebr l\u00ebkur\u00ebn e ndjeshme rreth gjirit. Dizajni i mbledh\u00ebsit i ngjan nj\u00eb pompe qum\u00ebshti hands-free dhe mund t\u00eb vendoset leht\u00ebsisht brenda re\u00e7ipetave. Funksionon plot\u00ebsisht n\u00eb m\u00ebnyr\u00eb analoge \u2013 nuk ka nevoj\u00eb p\u00ebr energji elektrike.<\/p>\n<p data-start=\"656\" data-end=\"685\"><strong data-start=\"656\" data-end=\"685\">Karakteristikat kryesore:<\/strong><\/p>\n<ul data-start=\"686\" data-end=\"1230\">\n<li data-start=\"686\" data-end=\"741\">\n<p data-start=\"688\" data-end=\"741\">Produkt 2 n\u00eb 1: mbledh\u00ebs qum\u00ebshti dhe pomp\u00eb manuale<\/p>\n<\/li>\n<li data-start=\"742\" data-end=\"814\">\n<p data-start=\"744\" data-end=\"814\">P\u00ebrdoret p\u00ebr mbledhjen e qum\u00ebshtit gjat\u00eb ushqyerjes nga gjiri tjet\u00ebr<\/p>\n<\/li>\n<li data-start=\"815\" data-end=\"850\">\n<p data-start=\"817\" data-end=\"850\">Dizajn anatomik n\u00eb form\u00eb guacke<\/p>\n<\/li>\n<li data-start=\"851\" data-end=\"882\">\n<p data-start=\"853\" data-end=\"882\">Hink\u00eb me madh\u00ebsi universale<\/p>\n<\/li>\n<li data-start=\"883\" data-end=\"944\">\n<p data-start=\"885\" data-end=\"944\">Krijon vakum p\u00ebr t\u00eb rritur sasin\u00eb e qum\u00ebshtit t\u00eb mbledhur<\/p>\n<\/li>\n<li data-start=\"945\" data-end=\"995\">\n<p data-start=\"947\" data-end=\"995\">Alternativ\u00eb ndaj jast\u00ebk\u00ebve absorbues t\u00eb gjirit<\/p>\n<\/li>\n<li data-start=\"996\" data-end=\"1016\">\n<p data-start=\"998\" data-end=\"1016\">Kapacitet: 60 ml<\/p>\n<\/li>\n<li data-start=\"1017\" data-end=\"1043\">\n<p data-start=\"1019\" data-end=\"1043\">Leht\u00eb p\u00ebr t\u2019u pastruar<\/p>\n<\/li>\n<li data-start=\"1044\" data-end=\"1064\">\n<p data-start=\"1046\" data-end=\"1064\">I sterilizuesh\u00ebm<\/p>\n<\/li>\n<li data-start=\"1065\" data-end=\"1142\">\n<p data-start=\"1067\" data-end=\"1142\">Dizajn ergonomik p\u00ebr transferim t\u00eb leht\u00eb t\u00eb qum\u00ebshtit n\u00eb biberon ose qese<\/p>\n<\/li>\n<li data-start=\"1143\" data-end=\"1169\">\n<p data-start=\"1145\" data-end=\"1169\">P\u00ebrshtatet n\u00eb re\u00e7ipeta<\/p>\n<\/li>\n<li data-start=\"1170\" data-end=\"1180\">\n<p data-start=\"1172\" data-end=\"1180\">Pa BPA<\/p>\n<\/li>\n<li data-start=\"1181\" data-end=\"1197\">\n<p data-start=\"1183\" data-end=\"1197\">Pesha: 102 g<\/p>\n<\/li>\n<li data-start=\"1198\" data-end=\"1230\">\n<p data-start=\"1200\" data-end=\"1230\">P\u00ebrmasat: 11,5 x 10,5 x 6 cm<\/p>\n<\/li>\n<\/ul>\n<h3 data-start=\"1232\" data-end=\"1257\">Efikasitet maksimal<\/h3>\n<p data-start=\"1258\" data-end=\"1530\">Mbledh\u00ebsi kap qum\u00ebshtin q\u00eb del natyrsh\u00ebm gjat\u00eb ushqyerjes ose pompimit t\u00eb gjirit tjet\u00ebr. Ai mund\u00ebson mbledhjen m\u00eb efikase t\u00eb qum\u00ebshtit dhe ruajtjen e tij t\u00eb leht\u00eb. Milky 2 n\u00eb 1 mund t\u00eb p\u00ebrdoret edhe si pomp\u00eb manuale, duke rritur sasin\u00eb e qum\u00ebshtit fal\u00eb vakumit t\u00eb krijuar.<\/p>\n<h3 data-start=\"1532\" data-end=\"1553\">Form\u00eb anatomike<\/h3>\n<p data-start=\"1554\" data-end=\"1757\">Milky 2 n\u00eb 1 ka form\u00ebn e nj\u00eb pompe hands-free. Guaska e but\u00eb prej silikoni \u00ebsht\u00eb diskrete dhe p\u00ebrshtatet mir\u00eb me gjirin, si dhe mund t\u00eb mbahet brenda re\u00e7ipetave. Mbledh\u00ebsi ka hink\u00eb me madh\u00ebsi universale.<\/p>\n<h3 data-start=\"1759\" data-end=\"1795\">N\u00eb vend t\u00eb jast\u00ebk\u00ebve absorbues<\/h3>\n<p data-start=\"1796\" data-end=\"1994\">Ky mbledh\u00ebs \u00ebsht\u00eb nj\u00eb alternativ\u00eb shum\u00eb e mir\u00eb ndaj jast\u00ebk\u00ebve absorbues: jo vet\u00ebm q\u00eb mbron t\u00eb brendshmet dhe rrobat nga njollosja, por nj\u00ebkoh\u00ebsisht mund\u00ebson shfryt\u00ebzim efikas t\u00eb qum\u00ebshtit t\u00eb gjirit.<\/p>\n<h3 data-start=\"1996\" data-end=\"2022\">Materiale t\u00eb sigurta<\/h3>\n<p data-start=\"2023\" data-end=\"2234\">Guaska dhe hinka jan\u00eb prej silikoni t\u00eb but\u00eb dhe miq\u00ebsor me l\u00ebkur\u00ebn. Ena e qum\u00ebshtit \u00ebsht\u00eb prej polipropileni, e sigurt p\u00ebr n\u00ebn\u00ebn dhe foshnj\u00ebn. Ajo \u00ebsht\u00eb e ndar\u00eb nga guaska, duke parandaluar derdhjen e qum\u00ebshtit.<\/p>\n<h3 data-start=\"2236\" data-end=\"2262\">N\u00eb \u00e7do koh\u00eb dhe kudo<\/h3>\n<p data-start=\"2263\" data-end=\"2412\">Milky 2 n\u00eb 1 \u00ebsht\u00eb i heshtur dhe nuk ka nevoj\u00eb p\u00ebr energji elektrike \u2013 funksionon plot\u00ebsisht n\u00eb m\u00ebnyr\u00eb analoge, ndaj mund t\u00eb p\u00ebrdoret n\u00eb \u00e7do situat\u00eb.<\/p>\n<h3 data-start=\"2414\" data-end=\"2432\">En\u00eb praktike<\/h3>\n<p data-start=\"2433\" data-end=\"2578\">Ena mban deri n\u00eb 60 ml qum\u00ebsht, mjaftuesh\u00ebm p\u00ebr nj\u00eb seanc\u00eb ushqyerjeje. Dizajni ergonomik lejon derdhje t\u00eb leht\u00eb n\u00eb biberon ose qese, pa derdhje.<\/p>\n<h3 data-start=\"2580\" data-end=\"2610\">I leht\u00eb p\u00ebr t\u2019u pastruar<\/h3>\n<p data-start=\"2611\" data-end=\"2699\">Forma e thjesht\u00eb e b\u00ebn pastrimin t\u00eb shpejt\u00eb dhe t\u00eb leht\u00eb. Produkti mund t\u00eb sterilizohet.<\/p>\n","protected":false},"excerpt":{"rendered":"<p>Lionelo Milky 2 n\u00eb 1\u00a0\u00ebsht\u00eb nj\u00eb mbledh\u00ebs qum\u00ebshti me funksion pompe manuale. Ai lejon mbledhjen e qum\u00ebshtit q\u00eb del n\u00eb m\u00ebnyr\u00eb spontane gjat\u00eb ushqyerjes ose pompimit<span class=\"excerpt-hellip\"> [\u2026]<\/span><\/p>\n","protected":false},"featured_media":649,"template":"","meta":[],"product_brand":[86],"product_cat":[96],"product_tag":[],"class_list":{"0":"post-634","1":"product","2":"type-product","3":"status-publish","4":"has-post-thumbnail","6":"product_brand-lionelo-care","7":"product_cat-aksesore","9":"first","10":"instock","11":"taxable","12":"shipping-taxable","13":"purchasable","14":"product-type-simple"},"_links":{"self":[{"href":"https:\/\/www.mimmobaby.com\/index.php?rest_route=\/wp\/v2\/product\/634","targetHints":{"allow":["GET"]}}],"collection":[{"href":"https:\/\/www.mimmobaby.com\/index.php?rest_route=\/wp\/v2\/product"}],"about":[{"href":"https:\/\/www.mimmobaby.com\/index.php?rest_route=\/wp\/v2\/types\/product"}],"wp:featuredmedia":[{"embeddable":true,"href":"https:\/\/www.mimmobaby.com\/index.php?rest_route=\/wp\/v2\/media\/649"}],"wp:attachment":[{"href":"https:\/\/www.mimmobaby.com\/index.php?rest_route=%2Fwp%2Fv2%2Fmedia&parent=634"}],"wp:term":[{"taxonomy":"product_brand","embeddable":true,"href":"https:\/\/www.mimmobaby.com\/index.php?rest_route=%2Fwp%2Fv2%2Fproduct_brand&post=634"},{"taxonomy":"product_cat","embeddable":true,"href":"https:\/\/www.mimmobaby.com\/index.php?rest_route=%2Fwp%2Fv2%2Fproduct_cat&post=634"},{"taxonomy":"product_tag","embeddable":true,"href":"https:\/\/www.mimmobaby.com\/index.php?rest_route=%2Fwp%2Fv2%2Fproduct_tag&post=634"}],"curies":[{"name":"wp","href":"https:\/\/api.w.org\/{rel}","templated":true}]}}