{"id":933,"date":"2026-03-31T01:23:33","date_gmt":"2026-03-31T01:23:33","guid":{"rendered":"https:\/\/www.mimmobaby.com\/?post_type=product&#038;p=933"},"modified":"2026-03-31T01:23:33","modified_gmt":"2026-03-31T01:23:33","slug":"lo-sammy","status":"publish","type":"product","link":"https:\/\/www.mimmobaby.com\/?product=lo-sammy","title":{"rendered":"LO-SAMMY"},"content":{"rendered":"<div class=\"product__description rte quick-add-hidden\">\n<div class=\"text-base my-auto mx-auto pb-10 [--thread-content-margin:--spacing(4)] @[37rem]:[--thread-content-margin:--spacing(6)] @[72rem]:[--thread-content-margin:--spacing(16)] px-(--thread-content-margin)\">\n<div class=\"[--thread-content-max-width:32rem] @[34rem]:[--thread-content-max-width:40rem] @[64rem]:[--thread-content-max-width:48rem] mx-auto flex max-w-(--thread-content-max-width) flex-1 text-base gap-4 md:gap-5 lg:gap-6 group\/turn-messages focus-visible:outline-hidden\" tabindex=\"-1\">\n<div class=\"group\/conversation-turn relative flex w-full min-w-0 flex-col agent-turn\">\n<div class=\"relative flex-col gap-1 md:gap-3\">\n<div class=\"flex max-w-full flex-col grow\">\n<div class=\"min-h-8 text-message relative flex w-full flex-col items-end gap-2 text-start break-words whitespace-normal [.text-message+&amp;]:mt-5\" dir=\"auto\" data-message-author-role=\"assistant\" data-message-id=\"5a6d3b64-e02a-4f6d-b7ff-27a219739d7f\" data-message-model-slug=\"gpt-4o\">\n<div class=\"flex w-full flex-col gap-1 empty:hidden first:pt-[3px]\">\n<div class=\"markdown prose dark:prose-invert w-full break-words dark\">\n<p data-start=\"0\" data-end=\"255\">Lionelo Sammy \u00ebsht\u00eb nj\u00eb lod\u00ebr ride-on i leht\u00eb dhe shum\u00eb funksional, i p\u00ebrshtatsh\u00ebm p\u00ebr f\u00ebmij\u00ebt nga mosha 1 deri n\u00eb 3 vje\u00e7, me kapacitet mbajt\u00ebs deri n\u00eb 25\u202fkg dhe dizajnim q\u00eb nxit zhvillimin e aft\u00ebsive motorike, balanc\u00ebs dhe l\u00ebvizjes s\u00eb pavarur n\u00eb shtytje.<\/p>\n<p data-start=\"257\" data-end=\"640\">Struktura \u00ebsht\u00eb e fort\u00eb dhe e q\u00ebndrueshme, e nd\u00ebrtuar me materiale cil\u00ebsore q\u00eb garantojn\u00eb siguri gjat\u00eb p\u00ebrdorimit dhe jet\u00ebgjat\u00ebsi n\u00eb koh\u00eb. Ride-on l\u00ebviz leht\u00eb sipas d\u00ebshir\u00ebs s\u00eb f\u00ebmij\u00ebs, duke stimuluar kreativitetin dhe procesin e t\u00eb m\u00ebsuarit p\u00ebrmes loj\u00ebs aktive. Rrotat jan\u00eb t\u00eb qeta dhe t\u00eb p\u00ebrshtatshme p\u00ebr sip\u00ebrfaqe t\u00eb ndryshme, duke siguruar nj\u00eb vozitje t\u00eb rehatshme dhe t\u00eb sigurt.<\/p>\n<p data-start=\"642\" data-end=\"898\">Sedilja dhe dizajni i p\u00ebrgjithsh\u00ebm jan\u00eb ergonomik\u00eb dhe t\u00eb formuar p\u00ebr t\u00eb ofruar nj\u00eb vend t\u00eb rehatsh\u00ebm, ku f\u00ebmija ndjen stabilitet dhe k\u00ebnaq\u00ebsi nd\u00ebrsa zbulojn\u00eb bot\u00ebn p\u00ebrreth. T\u00eb gjitha qoshet jan\u00eb t\u00eb rrumbullakosura pa pjes\u00eb t\u00eb mprehta p\u00ebr siguri optimale.<\/p>\n<p data-start=\"900\" data-end=\"1185\">Varianti\u00a0<strong data-start=\"909\" data-end=\"925\">White\/Yellow<\/strong>\u00a0sjell nj\u00eb pamje t\u00eb fresk\u00ebt dhe t\u00eb ndritshme, ideale p\u00ebr ata q\u00eb d\u00ebshirojn\u00eb energji dhe optimiz\u00ebm n\u00eb ambientin e loj\u00ebs. Nga ana tjet\u00ebr\u00a0<strong data-start=\"1059\" data-end=\"1073\">White\/Pink<\/strong>\u00a0ofron nj\u00eb pamje m\u00eb t\u00eb but\u00eb dhe t\u00eb dashur, perfekte p\u00ebr f\u00ebmij\u00ebt q\u00eb preferojn\u00eb ngjyra t\u00eb \u00ebmbla dhe t\u00eb g\u00ebzueshme.<\/p>\n<p data-start=\"1187\" data-end=\"1442\">Lionelo Sammy \u00ebsht\u00eb zgjedhja ideale p\u00ebr prind\u00ebrit q\u00eb k\u00ebrkojn\u00eb nj\u00eb lod\u00ebr elegante, praktike dhe edukative, q\u00eb mb\u00ebshtet zhvillimin e f\u00ebmij\u00ebs n\u00eb fazat e para t\u00eb autonomis\u00eb n\u00eb l\u00ebvizje dhe arg\u00ebtimit, duke krijuar aventura t\u00eb siguruara dhe t\u00eb k\u00ebndshme \u00e7do dit\u00eb.<\/p>\n<\/div>\n<\/div>\n<\/div>\n<\/div>\n<\/div>\n<\/div>\n<\/div>\n<\/div>\n<\/div>\n<p>&nbsp;<\/p>\n","protected":false},"excerpt":{"rendered":"<p>Lionelo Sammy \u00ebsht\u00eb nj\u00eb lod\u00ebr ride-on i leht\u00eb dhe shum\u00eb funksional, i p\u00ebrshtatsh\u00ebm p\u00ebr f\u00ebmij\u00ebt nga mosha 1 deri n\u00eb 3 vje\u00e7, me kapacitet mbajt\u00ebs deri<span class=\"excerpt-hellip\"> [\u2026]<\/span><\/p>\n","protected":false},"featured_media":940,"template":"","meta":[],"product_brand":[75],"product_cat":[105],"product_tag":[],"class_list":{"0":"post-933","1":"product","2":"type-product","3":"status-publish","4":"has-post-thumbnail","6":"product_brand-lionelo","7":"product_cat-lodra","9":"first","10":"instock","11":"taxable","12":"shipping-taxable","13":"purchasable","14":"product-type-variable"},"_links":{"self":[{"href":"https:\/\/www.mimmobaby.com\/index.php?rest_route=\/wp\/v2\/product\/933","targetHints":{"allow":["GET"]}}],"collection":[{"href":"https:\/\/www.mimmobaby.com\/index.php?rest_route=\/wp\/v2\/product"}],"about":[{"href":"https:\/\/www.mimmobaby.com\/index.php?rest_route=\/wp\/v2\/types\/product"}],"wp:featuredmedia":[{"embeddable":true,"href":"https:\/\/www.mimmobaby.com\/index.php?rest_route=\/wp\/v2\/media\/940"}],"wp:attachment":[{"href":"https:\/\/www.mimmobaby.com\/index.php?rest_route=%2Fwp%2Fv2%2Fmedia&parent=933"}],"wp:term":[{"taxonomy":"product_brand","embeddable":true,"href":"https:\/\/www.mimmobaby.com\/index.php?rest_route=%2Fwp%2Fv2%2Fproduct_brand&post=933"},{"taxonomy":"product_cat","embeddable":true,"href":"https:\/\/www.mimmobaby.com\/index.php?rest_route=%2Fwp%2Fv2%2Fproduct_cat&post=933"},{"taxonomy":"product_tag","embeddable":true,"href":"https:\/\/www.mimmobaby.com\/index.php?rest_route=%2Fwp%2Fv2%2Fproduct_tag&post=933"}],"curies":[{"name":"wp","href":"https:\/\/api.w.org\/{rel}","templated":true}]}}